en 21679 is divided by 50?
29
Calculate the remainder when 288 is divided by 36.
0
What is the remainder when 214644 is divided by 4380?
24
What is the remainder when 2132 is divided by 211?
22
What is the remainder when 7276 is divided by 36?
4
Calculate the remainder when 1119 is divided by 19.
17
Calculate the remainder when 75 is divided by 60.
15
What is the remainder when 39490 is divided by 23?
22
Calculate the remainder when 60601 is divided by 140.
121
Calculate the remainder when 9319 is divided by 152.
47
What is the remainder when 289060 is divided by 30?
10
Calculate the remainder when 265688 is divided by 88550.
38
Calculate the remainder when 220931 is divided by 70.
11
What is the remainder when 13763 is divided by 471?
104
What is the remainder when 181010 is divided by 20111?
11
Calculate the remainder when 2695 is divided by 1159.
377
What is the remainder when 116488 is divided by 577?
511
Calculate the remainder when 246619 is divided by 5.
4
Calculate the remainder when 579 is divided by 297.
282
What is the remainder when 90982 is divided by 12?
10
Calculate the remainder when 77205 is divided by 38544.
117
What is the remainder when 80697 is divided by 20157?
69
Calculate the remainder when 22917 is divided by 314.
309
What is the remainder when 11070 is divided by 117?
72
What is the remainder when 144763 is divided by 4523?
27
What is the remainder when 2315 is divided by 12?
11
What is the remainder when 10201 is divided by 1700?
1
Calculate the remainder when 48 is divided by 11.
4
What is the remainder when 39608 is divided by 13202?
2
What is the remainder when 3575 is divided by 39?
26
Calculate the remainder when 1048 is divided by 21.
19
What is the remainder when 5637 is divided by 1750?
387
Calculate the remainder when 198264 is divided by 1022.
1018
What is the remainder when 115024 is divided by 79?
0
Calculate the remainder when 30836 is divided by 19.
18
What is the remainder when 22530 is divided by 103?
76
Calculate the remainder when 3421 is divided by 1132.
25
Calculate the remainder when 31317 is divided by 175.
167
Calculate the remainder when 55071 is divided by 1407.
198
Calculate the remainder when 8436 is divided by 19.
0
What is the remainder when 2399 is divided by 305?
264
Calculate the remainder when 1167022 is divided by 656.
654
Calculate the remainder when 4328 is divided by 4222.
106
What is the remainder when 21627 is divided by 30?
27
Calculate the remainder when 3887 is divided by 662.
577
What is the remainder when 287593 is divided by 165?
163
Calculate the remainder when 11643 is divided by 1365.
723
Calculate the remainder when 298547 is divided by 873.
854
Calculate the remainder when 12238 is divided by 612.
610
Calculate the remainder when 34298 is divided by 686.
684
Calculate the remainder when 105025 is divided by 106.
85
Calculate the remainder when 448118 is divided by 136.
134
What is the remainder when 86998 is divided by 120?
118
What is the remainder when 9406 is divided by 2794?
1024
What is the remainder when 25672 is divided by 546?
10
What is the remainder when 6550 is divided by 651?
40
What is the remainder when 10551 is divided by 10538?
13
Calculate the remainder when 20393 is divided by 24.
17
What is the remainder when 6258 is divided by 1557?
30
What is the remainder when 16711 is divided by 2781?
25
Calculate the remainder when 4018 is divided by 534.
280
Calculate the remainder when 3627 is divided by 891.
63
Calculate the remainder when 807 is divided by 148.
67
What is the remainder when 1153 is divided by 810?
343
What is the remainder when 22638 is divided by 35?
28
Calculate the remainder when 40224 is divided by 2664.
264
What is the remainder when 16268 is divided by 29?
28
Calculate the remainder when 646 is divided by 105.
16
What is the remainder when 19920 is divided by 155?
80
Calculate the remainder when 57619 is divided by 4.
3
Calculate the remainder when 2089 is divided by 107.
56
Calculate the remainder when 30938 is divided by 937.
17
What is the remainder when 6022 is divided by 685?
542
Calculate the remainder when 22621 is divided by 7538.
7
What is the remainder when 15129 is divided by 34?
33
Calculate the remainder when 10133 is divided by 2024.
13
What is the remainder when 101368 is divided by 4?
0
Calculate the remainder when 15650 is divided by 174.
164
Calculate the remainder when 5009 is divided by 1640.
89
What is the remainder when 2538 is divided by 941?
656
Calculate the remainder when 4258 is divided by 46.
26
Calculate the remainder when 370843 is divided by 83.
82
Calculate the remainder when 4897 is divided by 808.
49
What is the remainder when 14045 is divided by 975?
395
What is the remainder when 6036 is divided by 6025?
11
What is the remainder when 13413 is divided by 958?
1
Calculate the remainder when 17362 is divided by 8.
2
Calculate the remainder when 4131 is divided by 405.
81
What is the remainder when 88664 is divided by 561?
26
What is the remainder when 34812 is divided by 150?
12
What is the remainder when 1291 is divided by 419?
34
What is the remainder when 106147 is divided by 41?
39
Calculate the remainder when 1902075 is divided by 622.
621
Calculate the remainder when 35670 is divided by 1428.
1398
What is the remainder when 1028545 is divided by 13?
11
Calculate the remainder when 9962 is divided by 3311.
29
What is the remainder when 5063 is divided by 66?
47
What is the remainder when 211689 is divided by 39?
36
What is the remainder when 15603 is divided by 45?
33
Calculate the remainder when 7160 is divided by 77.
76
What is the remainder when 2529 is divided by 2516?
13
What is the remainder when 3190 is divided by 453?
19
Calculate the remainder when 93854 is divided by 24.
14
Calculate the remainder when 3228 is divided by 237.
147
Calculate the remainder when 2587 is divided by 284.
31
Calculate the remainder when 68691 is divided by 17109.
255
Calculate the remainder when 1317387 is divided by 23.
16
Calculate the remainder when 40338 is divided by 46.
42
Calculate the remainder when 646 is divided by 106.
10
What is the remainder when 19871 is divided by 38?
35
Calculate the remainder when 2351 is divided by 13.
11
Calculate the remainder when 1111270 is divided by 499.
496
What is the remainder when 4928 is divided by 949?
183
Calculate the remainder when 177624 is divided by 339.
327
Calculate the remainder when 19382 is divided by 16.
6
What is the remainder when 25957 is divided by 118?
115
Calculate the remainder when 64090 is divided by 19.
3
What is the remainder when 9979 is divided by 294?
277
What is the remainder when 27728 is divided by 79?
78
What is the remainder when 1792201 is divided by 217?
215
What is the remainder when 15193 is divided by 167?
163
Calculate the remainder when 42195 is divided by 479.
43
Calculate the remainder when 1457647 is divided by 136.
135
Calculate the remainder when 7471 is divided by 151.
72
Calculate the remainder when 39976 is divided by 2005.
1881
Calculate the remainder when 27999 is divided by 27998.
1
What is the remainder when 869 is divided by 148?
129
What is the remainder when 3130 is divided by 3121?
9
What is the remainder when 2420 is divided by 220?
0
Calculate the remainder when 4401 is divided by 404.
361
What is the remainder when 25204 is divided by 750?
454
What is the remainder when 1667 is divided by 1027?
640
What is the remainder when 10476 is divided by 1046?
16
Calculate the remainder when 1392 is divided by 465.
462
What is the remainder when 17719 is divided by 420?
79
Calculate the remainder when 526545 is divided by 1323.
1314
Calculate the remainder when 50305 is divided by 3.
1
What is the remainder when 7725 is divided by 85?
75
Calculate the remainder when 5792 is divided by 278.
232
Calculate the remainder when 11179 is divided by 5548.
83
What is the remainder when 238486 is divided by 928?
918
What is the remainder when 4829 is divided by 41?
32
What is the remainder when 34214 is divided by 11401?
11
Calculate the remainder when 16551 is divided by 5514.
9
Calculate the remainder when 148 is divided by 1.
0
Calculate the remainder when 10951 is divided by 99.
61
Calculate the remainder when 2525 is d